7)/(-9). What is r(u)?
-3
Let m(c) be the second derivative of c**5/120 - c**4/6 - 2*c**3/3 - 2*c. Let g(s) be the second derivative of m(s). Calculate g(0).
-4
Let l(a) be the second derivative of 0 + 2*a - 1/2*a**2 + 1/20*a**5 + 0*a**3 - 1/12*a**4. Give l(1).
-1
Let v = 17 + -11. Let g(k) = -2*k - 1. Give g(v).
-13
Let g(p) = 7*p**3 - 2*p**2 + 1. Suppose 2*n - 7 = -5*z, 2*n + 3*n - 1 = 4*z. Determine g(n).
6
Let c(s) = -7*s**2 - 2*s - 1. Suppose -2*f - 3*u = -5, -2 = 2*f + 2*u - 6. Let i be -1*(f + -4 + 4). Give c(i).
-6
Suppose -r = -3*d + 38, 26 = -3*d + 5*d - r. Let g = d - 19. Let w(m) = -m**3 - 8*m**2 - 8*m - 10. Determine w(g).
-3
Let k(x) = x + 1. Let q(a) be the third derivative of 0*a + 0 - 2/3*a**3 + 1/24*a**4 + 3*a**2. Let t be q(0). What is k(t)?
-3
Suppose -3 = -5*p - 2*u, p - 3*u + 0 = 4. Let t(i) = -4*i**2 - 13*i. Let a(f) = -3*f**2 - 8*f. Let b(w) = -8*a(w) + 5*t(w). What is b(p)?
3
Let t be ((-13)/(-3) + -1)*(-18)/15. Let s(k) = -k**3 - 4*k**2 - 4*k - 2. Calculate s(t).
14
Let t(m) be the third derivative of -m**2 - 1/60*m**5 - 1/4*m**4 + 0 + 0*m + 2/3*m**3. Determine t(-5).
9
Suppose -5*j = y - 22, j + 10 = -5*y + 6*j. Let u(p) = 2*p - 4 - p**y + 5 + 2. Determine u(3).
0
Let c(r) = -2*r + 4. Let i(j) = -3*j + 6. Let g(b) = 8*c(b) - 5*i(b). Determine g(1).
1
Let q(z) = z - 3. Suppose -3*r + 21 = 6*c - c, 4*r = -12. Suppose -n - c = n. Let i be (0 + -8 - n)/(-1). Determine q(i).
2
Let g(o) = -127 + 4*o**2 + 3*o**3 - 2*o**3 - 3*o + 128. Calculate g(-5).
-9
Let i = 5 - 6. Let o(r) = 3*r**3 + 2*r + 1. Give o(i).
-4
Let c(m) = -2*m - 3. Suppose -7 = 3*p - 5*n, 0 = -n - 3 + 2. Give c(p).
5
Let m(y) = -5 - 6*y + 57*y**2 + 8*y**3 - 52*y**2 - 9*y**3. Calculate m(5).
-35
Let o(p) be the third derivative of p**5/60 - p**4/4 - p**3/6 - 3*p**2. Calculate o(6).
-1
Let w(l) = 2*l**2 - 7*l - 1. Let r(s) = s**2 + 9*s + 17. Let q be r(-7). Let i be (-2)/(6/(-45)*q). Calculate w(i).
14
Let s(u) = -u. Suppose -2*x + 10 = w, -5*x - w + 15 = -10. Give s(x).
-5
Let i(l) = -6*l**2 - 11 + 10 + 3*l**2 + 2*l**2 + 5*l**3 + 2*l. Let c(y) = -2*y + 2. Let k be c(2). Let f be (2 + -3 - k) + 0. Determine i(f).
5
Let d(a) = -1. Let q be (8/(-12))/((-4)/6). Let r(l) = -l + 12. Let g(m) = q*r(m) + 5*d(m). Let o be 3/(1 - 0/2). What is g(o)?
4
Let s(j) = -7 + j**3 - 2*j - 5*j**2 + 2*j + 2*j. Let p be s(5). Let v(a) = -a**2 + 2*a. Determine v(p).
-3
Let n(g) = 2*g**2 + 17*g + 17. Let x be n(-7). Let t(v) = v**3 + 2*v**2 - v + 1. Determine t(x).
-27
Let h(l) = l**3 + 2*l + 2. Let s be h(-1). Let p(w) = -6*w**3 + w**2. Calculate p(s).
7
Let y(k) = -3*k**2 - 3*k + 3. Let c(t) = -7*t**2 - 4*t + 7. Let h(z) = 2*c(z) - 5*y(z). Give h(-9).
17
Suppose u + 2*u + 6 = 0. Let j(f) be the second derivative of -f**4/6 - f**3/3 + f**2/2 + 3*f. Determine j(u).
-3
Let u = 89 - 83. Let j(a) = a. What is j(u)?
6
Let r(g) be the third derivative of 1/40*g**5 - 5/24*g**4 + 0*g + 1/360*g**6 + g**2 + 0 + 1/2*g**3. Let j(t) be the first derivative of r(t). Calculate j(-4).
-1
Let c = 1 - 0. Let s(f) = -c - 3*f - f + 11*f - 3*f. Suppose 3*u + m - 3*m = 2, u - 2 = m. Determine s(u).
-9
Let i(b) = 2*b**2 - b + 1. Let a(z) = z**2 + 3*z. Let s = 0 - 3. Let n be a(s). Suppose -3*r = -n - 3. Determine i(r).
2
Let r be (-3)/(3/2 - 0). Let z = 4 + r. Let f(k) = 6*k**2 + 9*k - 3. Let c(p) = 5*p**2 + 8*p - 3. Let d(n) = -5*c(n) + 4*f(n). Give d(z).
-9
Let j = -8 - -9. Let g(o) = o**2 + 4*o**3 - 4*o - o**3 - o**3 - o**3 - j. Give g(-3).
-7
Let n(q) = -4*q**3 + 3*q**2 - 9 + 12 + 0*q**2 + 3*q**3. Give n(4).
-13
Let l(k) = k - 7. Let d = 15 + -13. Let y be (-5)/d*(-4 - -2). Give l(y).
-2
Let b = -6 - -9. Let x(q) be the third derivative of q**4/24 - q**3/2 + 4*q**2. What is x(b)?
0
Let r(z) be the third derivative of z**4/24 + 2*z**3/3 - z**2. Let l be (2/(-3))/((-6)/45). Let c be 1 + -2 + -1 + l. Calculate r(c).
7
Suppose -5*a = 5*z - 15, 0*a - 26 = 3*a - 4*z. Let r(x) = x + 6. Let i(n) = 5. Let d(u) = a*r(u) + 3*i(u). Give d(2).
-1
Suppose -9 - 1 = -5*n. Suppose -w = 3*w - 16. Let y(j) = -3*j**n - 1 - w*j - j**3 + 0 + 2*j. Calculate y(-3).
5
Let g = -6 - -8. Suppose -g*i - 15 = -5. Let w(n) = n**3 + 6*n**2 + 6*n + 5. Let u be w(i). Let b(k) = -k**2 - k - 4. Determine b(u).
-4
Suppose -i + 2 + 1 = j, 2*j + 3*i = 8. Suppose 5*r + u = j, 4*r - 2*r - u = -1. Suppose -1 + r = -q. Let t(s) = 3*s - 1. Calculate t(q).
2
Let y = 5 - 2. Suppose -p = -d, -p + y*d - 4 = p. Let s(i) = 3 - 1 + p*i + 2*i**2 + 2 - i**2. Determine s(-4).
4
Let v(q) = -3*q**2 - 5*q + 2*q + 2 + q**3 - q. Let s be v(4). Let n(j) = -3*j. Calculate n(s).
-6
Suppose 6*j - 3*j - 12 = 0. Suppose -3*o = -2*x - 5*o, o + 3 = 0. Let z(m) = x*m**2 - m**3 - 3 + 0 + 5 + 3*m. Determine z(j).
-2
Suppose 0 = 3*t + 12, -2*o - 2*t + 0 - 12 = 0. Let w(q) be the second derivative of -q**4/12 - q**3/2 - 3*q**2/2 - q. Give w(o).
-1
Let c = 4 + -5. Let o(p) = -p - 1. Let k(n) = n**3 - 2*n**2 + 4*n + 3. Let y(w) = c*k(w) - 5*o(w). Suppose -6 = 2*s - 4*s. Calculate y(s).
-4
Let i(r) be the third derivative of -r**4/24 - r**3/3 + 4*r**2. Suppose -16*w + 121 - 9 = 0. Give i(w).
-9
Let y(u) = -2*u + 2*u + u**2 + 3 - 5*u. Suppose 0*v = 3*v - 2*t - 14, 0 = -3*v + t + 10. Determine y(v).
-3
Let o(d) be the third derivative of -d**4/6 + d**3/6 + 2*d**2. Let h = -17 + 24. Let p be h/(-7)*4/(-2). Determine o(p).
-7
Suppose 2*v - 4*v + 3*z - 23 = 0, -z - 7 = 3*v. Let l = 7 + v. Let p(s) = -s**3 + 3*s**2 - s. Calculate p(l).
-3
Let v(k) = -k**2 - 3*k + 1. Let w be v(-2). Let z = w - 0. Let i(f) = -30 + 30 + 0*f**z - 3*f**2 + 3*f**3. Give i(2).
12
Suppose -z + 6 = z. Suppose 4*s - 11 = -z. Let d(w) = -4 - w**3 + w + 2*w**3 - w**2 + 0*w**s. Calculate d(0).
-4
Let q be 2 + (-2 - -3)*0. Let i(p) = -p**2 + p + 4. Let w be i(0). Let v(u) = -5 + w + u - 1 + 0*u. Determine v(q).
0
Let d(x) = -x**3 - 10*x**2 + 4. Let l = 95 - 105. What is d(l)?
4
Let x(s) be the first derivative of -s**3/3 - 3*s**2/2 - 2*s + 2. Let c be 9/2*(-2)/(-3). Suppose -y + 0 = c. Determine x(y).
-2
Let a be (-1)/(1/(-5 + 1)). Let k(w) = 14*w - 18. Suppose 2*x - u + 5*u - 18 = 0, 3*x + 3*u = 30. Let z(l) = -5*l + 6. Let i(r) = x*z(r) + 4*k(r). Give i(a).
-2
Let v(h) be the first derivative of -h**2 + 1/6*h**3 + 5/24*h**4 + 2 + 0*h - 1/60*h**5. Let z(p) be the second derivative of v(p). Calculate z(4).
5
Let a(n) be the first derivative of 3*n**2/2 - n - 17. Let v be (-2)/6*(-1 + -8). Suppose -7*d = -v*d - 4. Calculate a(d).
2
Suppose -12 = -5*m - 52. Let u(l) = l**3 + 8*l**2 + 5*l - 9. Let g be u(-7). Let z = g + m. Let x(f) = 3*f - 1. Determine x(z).
-10
Let z(m) = m + 2*m - 10 - 5*m. Let l = -27 - -19. Determine z(l).
6
Let v(m) = 3*m**2 + 10*m - 7. Let b(i) = -i**2 - 5*i + 3. Let a(t) = -5*b(t) - 2*v(t). What is a(5)?
-1
Let f(a) = a**2 - 2*a + 4. Let r(t) = t + 26. Let z be r(-23). What is f(z)?
7
Let g(l) be the first derivative of l**2/2 - 2. Let c(a) = 8*a - 1. Let h(j) = -c(j) + 6*g(j). Calculate h(3).
-5
Let o be (-2)/((-9)/(-5) + -2). Suppose j + j = o. Suppose 2*p = 5*r, -5*r - j = 2*p - 5*p. Let i(g) = g**2. What is i(r)?
4
Let z be 25/4 - ((-4)/1)/(-16). Let t(x) = -x**2 - x + 1. Let m(b) = b**3 - 4*b**2 + b. Let a(k) = -m(k) - 2*t(k). Determine a(z).
4
Suppose 0*m - 3 = -3*m. Let r be (-20)/12*3*m. Let k(s) = 5*s**3 + 5*s**2 - 5*s. Let b(o) = 6*o**3 + 5*o**2 - 6*o + 1. Let i(l) = 4*b(l) - 5*k(l). What is i(r)?
-1
Let n be 69/15 - 2/(-5). Let j = -21 - -21. Suppose n + j = 5*b. Let m(t) = 5*t**2 - 2*t + 1. What is m(b)?
4
Let m(l) = -l**3 - 3*l - 2. Suppose 5*v = 2*v + 9. Suppose -2*r = -v*r - 2. What is m(r)?
12
Let u(c) = 2*c + 2. Let b be (-1 - 2) + 9 + -13. Determine u(b).
-12
Let l(r) = -r**3 - 6*r**2 + 17*r + 2. Let n be l(-8). Let z(t) = -t + 5. Determine z(n).
11
Let w = 12 - 5. Let h = 5 - w. Let j(z) = -3*z + 1 + 0 + 1. Determine j(h).
8
Let z(i) be the third derivative of -i**5/60 + 5*i**4/24 - i**3/3 + 6*i**2. What is z(6)?
-8
Let c(h) = h**3 - 8*h**3 - 6*h + 6*h**3 + 7*h**2 + 2. Give c(6).
2
Suppose 4*d - 2 = -6. Let h(f) = 3*f. Determine h(d).
-3
Let v = -5 + 1. Let m(k) = -k**2 + k. Let z(p) = p**3 + 2*p**2 - 5*p + 1. Let j(y) = v*m(y) - z(y). Determine j(3).
-7
Suppose -8*s - 6 = -5*s. Let w be -2 + 2/(s/(-2)). Let r(z) = z**2 + 6. Give r(w).
6
Let s(y) = -5 + 8*y + 0 - 